23?
723
What is the highest common divisor of 22659 and 15561?
273
What is the greatest common divisor of 1599 and 14976?
39
What is the greatest common factor of 6463 and 19951?
281
What is the highest common factor of 94820 and 60?
20
What is the highest common divisor of 12089 and 385?
77
Calculate the highest common divisor of 45 and 738765.
45
Calculate the greatest common factor of 440 and 10956880.
440
Calculate the highest common divisor of 2124 and 312759.
531
What is the greatest common divisor of 20775 and 1662?
831
Calculate the highest common divisor of 842174 and 3017.
431
Calculate the highest common factor of 234 and 3094.
26
Calculate the highest common factor of 165 and 11814.
33
Calculate the highest common factor of 182759 and 176633.
1021
What is the greatest common divisor of 168 and 696?
24
What is the greatest common factor of 496 and 31434?
62
What is the greatest common divisor of 168 and 1114428?
84
What is the highest common factor of 1116 and 346828?
124
What is the greatest common divisor of 4 and 385054?
2
Calculate the highest common divisor of 17901 and 897.
39
What is the highest common divisor of 826046 and 234?
26
Calculate the greatest common divisor of 2799 and 45.
9
Calculate the highest common divisor of 3310 and 381974.
662
Calculate the greatest common factor of 41121 and 54.
27
What is the greatest common factor of 5181 and 1511125?
1727
Calculate the greatest common factor of 7068 and 930.
186
What is the greatest common factor of 369 and 238333?
41
What is the highest common factor of 23690 and 12535?
115
Calculate the highest common factor of 60 and 796635.
15
What is the highest common factor of 18810 and 17955?
855
What is the highest common factor of 19107 and 792?
99
Calculate the highest common factor of 4960 and 4805.
155
What is the greatest common factor of 174 and 93322?
58
Calculate the highest common factor of 572402 and 834.
278
What is the highest common factor of 520286 and 312?
26
Calculate the highest common factor of 17821 and 3266.
71
Calculate the greatest common factor of 1032 and 3654312.
1032
Calculate the highest common factor of 115 and 47449.
23
What is the highest common factor of 9386 and 44954?
494
What is the highest common factor of 3185 and 234465?
245
Calculate the greatest common divisor of 23491 and 3380.
169
What is the greatest common divisor of 1578 and 698528?
526
What is the greatest common factor of 141882 and 28288?
442
What is the greatest common factor of 542 and 105419?
271
What is the highest common factor of 2799 and 783?
9
Calculate the highest common factor of 343 and 1953.
7
What is the highest common divisor of 632 and 358976?
632
Calculate the highest common divisor of 324023 and 287.
287
Calculate the highest common divisor of 201960 and 2880.
360
What is the greatest common factor of 17068800 and 1200?
1200
Calculate the highest common divisor of 315 and 33355.
35
Calculate the greatest common factor of 11 and 226996.
11
What is the greatest common factor of 70758 and 18?
18
What is the greatest common divisor of 2921502 and 62?
62
Calculate the highest common factor of 405582 and 690.
138
Calculate the highest common divisor of 361624 and 136.
136
What is the highest common factor of 534 and 42?
6
Calculate the greatest common divisor of 316214 and 892.
446
Calculate the greatest common factor of 185 and 1625.
5
What is the greatest common divisor of 510 and 67490?
170
Calculate the greatest common divisor of 81152 and 512.
256
What is the highest common factor of 8868 and 10?
2
Calculate the greatest common divisor of 109461 and 37851.
1023
Calculate the highest common factor of 326274 and 8554.
1222
Calculate the highest common factor of 146288 and 32.
16
Calculate the highest common divisor of 33400 and 2350.
50
Calculate the highest common divisor of 51237 and 27.
9
Calculate the highest common divisor of 110538 and 23.
23
What is the greatest common factor of 50408 and 200?
8
What is the greatest common divisor of 112928 and 32?
32
Calculate the greatest common divisor of 115 and 95105.
115
Calculate the highest common divisor of 3205 and 856376.
641
Calculate the highest common factor of 48 and 192064.
16
Calculate the greatest common divisor of 162 and 484731.
27
Calculate the greatest common factor of 625505 and 5.
5
What is the highest common factor of 11895 and 65?
65
What is the greatest common factor of 299674 and 2?
2
What is the highest common factor of 3007 and 1581?
31
What is the greatest common factor of 16042 and 10?
2
Calculate the highest common factor of 587330 and 20.
10
Calculate the highest common divisor of 3635229 and 255.
51
Calculate the highest common factor of 3026 and 64881.
89
Calculate the highest common divisor of 2286 and 3438.
18
What is the greatest common divisor of 2164970 and 1490?
1490
Calculate the highest common factor of 43290 and 130.
130
Calculate the highest common factor of 243 and 46359.
27
What is the highest common factor of 304 and 4066?
38
Calculate the greatest common divisor of 280278 and 1449.
207
What is the highest common divisor of 93771 and 2025?
27
What is the greatest common factor of 1167192 and 1032?
1032
What is the greatest common factor of 8274 and 3822?
42
What is the greatest common divisor of 56 and 426426?
14
Calculate the highest common divisor of 7526 and 11024.
106
Calculate the highest common factor of 12 and 49268.
4
What is the highest common factor of 32 and 7134?
2
What is the greatest common factor of 41720 and 5880?
280
Calculate the highest common divisor of 27261 and 13.
13
Calculate the highest common factor of 9960 and 36.
12
What is the greatest common factor of 2723 and 622789?
389
Calculate the greatest common divisor of 1477510 and 710.
710
What is the greatest common factor of 3 and 669822?
3
Calculate the greatest common divisor of 10068 and 108.
12
Calculate the highest common factor of 628390 and 14.
14
What is the highest common factor of 53261 and 442?
221
Calculate the highest common factor of 10816 and 128.
64
What is the greatest common factor of 17854 and 632?
158
Calculate the greatest common divisor of 452835 and 36.
9
Calculate the greatest common factor of 1353 and 16203.
33
What is the highest common divisor of 272 and 8262?
34
Calculate the highest common divisor of 12557 and 31639.
29
Calculate the greatest common factor of 59623 and 109.
109
What is the highest common factor of 120 and 235640?
40
What is the highest common divisor of 255465 and 315?
315
What is the highest common divisor of 540 and 3140?
20
Calculate the highest common factor of 1479401 and 385.
77
Calculate the greatest common factor of 775868 and 3224.
124
Calculate the greatest common divisor of 270 and 110.
10
What is the highest common factor of 916979 and 303?
101
What is the highest common divisor of 15366 and 94954?
394
Calculate the greatest common divisor of 298116 and 2058.
294
What is the greatest common divisor of 454554 and 27?
9
Calculate the greatest common factor of 23394 and 126.
42
What is the highest common factor of 20055 and 945?
105
What is the highest common factor of 14 and 601279?
7
Calculate the highest common factor of 4437 and 696.
87
What is the greatest common divisor of 448 and 2709?
7
Calculate the highest common divisor of 6 and 290046.
6
Calculate the highest common divisor of 25608 and 78861.
291
Calculate the highest common divisor of 7 and 11725.
7
What is the greatest common divisor of 412796 and 496?
124
Calculate the greatest common divisor of 235 and 150565.
5
What is the greatest common factor of 138473 and 59?
59
Calculate the highest common divisor of 3744 and 48321.
117
Calculate the greatest common divisor of 530 and 130.
10
Calculate the greatest common divisor of 80 and 324380.
20
Calculate the greatest common factor of 142 and 123043.
71
Calculate the highest common factor of 4815 and 3745.
535
What is the highest common divisor of 69238 and 39?
13
What is the highest common factor of 3 and 44871?
3
Calculate the greatest common divisor of 426 and 17466.
426
What is the highest common divisor of 20 and 47020?
20
What is the highest common divisor of 336 and 141372?
84
Calculate the highest common factor of 129 and 681.